 a(6)?
3
What is the hundreds digit of (-5)/((-8950)/(-8955) + -1)?
9
Suppose 0 = -4*c, z = 5*c - 10 + 3. What is the units digit of (8015/(-14))/(z/14)?
5
Suppose 70*k - 126*k + 1868608 = 0. What is the units digit of k?
8
Let c(s) = -44174*s + 2772. What is the hundreds digit of c(-1)?
9
Suppose -k + 3364465 = 175*k - 366031. What is the thousands digit of k?
1
Suppose 5*p - 8*p = 3*y + 66, -4*y + 2*p = 70. Let a(s) = s**3 + 21*s**2 - 8*s - 55. What is the units digit of a(y)?
9
Let z(c) = -c**2. Let v(a) = -4*a**2 - 2*a - 22. Let d(u) = -v(u) + 5*z(u). What is the units digit of d(5)?
7
Suppose -3*b + 3 = -9. Suppose 9*u + 6*z = 12*u, -z + 15 = u. What is the units digit of (45/u)/(2/b)?
9
What is the units digit of 1 - 1 - (78/(-4))/(9/4044)?
2
Let b = 33 + 391. Let d = -233 + b. What is the tens digit of d?
9
Let v(r) = 103*r - 176. Let m be (-24)/27*27/(-6). What is the tens digit of v(m)?
3
Let l = 60 + -53. Suppose l*f - 248 = -f. Suppose -14 = -t + f. What is the units digit of t?
5
Suppose 3*w = -2*d + 31, 2*w - 4*w + 26 = 2*d. Suppose -6*l - 1432 = -d*l. Suppose -3*y = 5*z - l, 4*z - 397 - 189 = 2*y. What is the hundreds digit of z?
1
Suppose 3*j + 4*q - q - 15066 = 0, j + 11*q - 5022 = 0. What is the units digit of j?
2
Suppose 0 = 100*f - 119*f + 229653. Suppose -8*s = 9*s - f. What is the tens digit of s?
1
Let y(u) = 296*u**2 + 16*u - 50. What is the tens digit of y(5)?
3
Let f(x) = 2*x - 6. Let i be f(9). Let l(o) = 4*o**2 + 5*o + 1. Let u be l(-2). Suppose -200 = -i*z + u*z. What is the tens digit of z?
4
Suppose -14*a = 2*a. Suppose 2*s + 10 - 2 = a, 2*s = 5*v - 338. What is the tens digit of v?
6
Let h(i) = 660*i**3 + 7*i**2 + 6*i - 43. What is the ten thousands digit of h(3)?
1
Suppose 104*q - 684826 = 750270. What is the units digit of q?
9
Suppose 4*q + 5*m = 43, -3*m + 16 = 9*q - 8*q. Suppose -q*b + 36777 = 32*b. What is the units digit of b?
3
Suppose 10*d = 6*d + 44. Suppose 0 = -17*n + d*n + 1200. What is the tens digit of n?
0
Let l = 233 + -409. Let b be (2 - l) + 6 + -5 + 2. Suppose -4*a = -0*a - k - b, -230 = -5*a + 2*k. What is the tens digit of a?
4
Let k = -110 + 131. Suppose -23*z + k*z = -654. What is the units digit of z?
7
Let n(i) = -i**3 - i**2 + 1. Suppose 3*y + 0*y = 5*k - 2, -2*k + 8 = -3*y. Let a be n(k). Suppose -a*o + 420 = o. What is the units digit of o?
0
Let q(l) = 29*l + 29. Let g(w) = 5*w + 5. Let m be -1*(-34)/(-8)*(3 + 5). Let j(y) = m*g(y) + 6*q(y). What is the units digit of j(10)?
4
Let k be 15499/44 - (2 + 14/(-8)). Let o be (-4)/(-6) - k/(-66). What is the hundreds digit of -412*(o/(-60))/(2/5)?
1
Let z = 96 - 46. Suppose -a + 405 = n - z, -n - 3 = 0. What is the units digit of a?
8
Suppose 169913 = -49*d + 853169. What is the ten thousands digit of d?
1
Suppose 5*k + 2*x - 720 = 280, 0 = k + 2*x - 200. Suppose k = -3*n - 2*a, 4*n = 4*a - 280 + 20. Let m = -35 - n. What is the tens digit of m?
3
Suppose -684*d + 691*d = 9065. What is the tens digit of d?
9
Let h = 63826 + -31447. What is the tens digit of h?
7
Suppose 343*r - 2436 = 336*r. Suppose -13*x + 14*x - r = 0. What is the tens digit of x?
4
Let v be 2612/(-16)*-4 + (-2 - -1). What is the tens digit of (-12)/(-9) + v/6?
1
Let w(p) = p**3 - 5*p**2 - p + 12. Let t be w(4). Let y(s) = -s + 7. Let v be y(t). Suppose -v*x - 150 = -16*x. What is the tens digit of x?
5
Let q = 2707 + -1516. Let r = q + -427. What is the units digit of r?
4
Suppose -468 = -2*w - 16*w. Suppose 3*g + 5336 = w*g. What is the tens digit of g?
3
Suppose -5*y + 12*y - 28 = 0. Let o(t) = t**2 - 4*t - 5. Let r be o(y). What is the hundreds digit of ((r - -7)*-1)/(2/(-122))?
1
Let w(t) = t**3 - 15*t**2 + 2*t - 23. Let a be w(12). Let c be a*1*(0 + 2 + -3). Suppose 5*y - c - 214 = 0. What is the hundreds digit of y?
1
Suppose 18 = 11*o - 15. Let f be ((-14211)/(-21))/o + 16/(-28). Suppose 171 + f = 9*k. What is the tens digit of k?
4
Suppose 0 = -8*u - 0*u - 24. What is the hundreds digit of ((-4 - -3)*134)/(u/6)?
2
Let m be (202/(-4))/((-1)/2). Let g be ((-42)/(-63))/((-4)/366). Let z = m + g. What is the units digit of z?
0
Let m(j) = -j**3 + 3*j**2 + 184*j + 39. Let u be m(-12). Suppose 0 = q - 5*g - 7, 0 = 3*q - q + 5*g - 29. What is the units digit of (-3*16)/(u/q)?
4
Let m be 0 - 1 - (-9)/1. Let s = -107 - -116. What is the tens digit of (s/2)/(2/m)?
1
Let l = -38958 + 84360. What is the units digit of l?
2
Let z = -23 + 26. Suppose 2*h = f - 132, -f + 134 = 2*h - z*h. Suppose -3*u + f = -u. What is the units digit of u?
8
Let b(d) = 73*d**2 - 18*d - 54. What is the tens digit of b(8)?
7
Let d = -3425 - -4755. What is the thousands digit of d?
1
Let r be ((-6)/(-27))/(6/54). Let t(a) = 119*a**2 - 120*a**2 + r*a + 3*a + 96 - 3*a. What is the tens digit of t(0)?
9
Suppose -2*l - v - 1645 = 415, 0 = 5*l - 2*v + 5159. Let j = -316 - l. What is the hundreds digit of j?
7
Let y(n) be the first derivative of -n**3/3 + 21*n**2/2 - 15*n + 81. What is the units digit of y(11)?
5
Let g = 18589 - 15288. What is the units digit of g?
1
Let y be (-140)/(-84) + (-578)/3. What is the units digit of ((-24)/6 - -6)/((-2)/y)?
1
Let q be -4 + 10 + -4 - (9 + 1). Let f(i) = -2 + 5 + 7 + 11*i**2 + i**3 + 19*i. What is the tens digit of f(q)?
5
Let s(c) = 9*c - 27. Let l be s(11). Suppose 67*j + 25 = l*j. Suppose -2*b - 300 = -5*x, -3*x - 2*x = -j*b - 300. What is the units digit of x?
0
Let a = -2 + 20. Let k be a*(-2 + 1 + (-6)/9). What is the units digit of (k/(-12) - 1)*8*6?
2
Let k = 398 + -385. Suppose 1458 = k*x - 7187. What is the hundreds digit of x?
6
Let q be (-2)/(-4)*-1*-6. Suppose -5*s - 5*p = 135, 2*p - q = -p. Let w = s + 161. What is the tens digit of w?
3
Suppose -37*t + 36*t + 9139 = -4*w, -3*t = 2*w - 27417. What is the hundreds digit of t?
1
Let d(s) = -12*s**3 - 4*s**2 - 4*s - 3. Let a(u) = 2*u - 19. Let v be a(11). Suppose v*x - x = -4. What is the units digit of d(x)?
5
Suppose -3*k = -43 - 125. Suppose -k*g = -54*g - 3020. What is the units digit of g?
0
Suppose -10*f + 7*f = -27. Suppose 0 = -f*c + 14*c + 70. Let x = 15 + c. What is the units digit of x?
1
Let v(c) = -c**3 + 20*c**2 + 42*c + 2. Let b be v(-2). Suppose -7791 = -b*l + 321. What is the units digit of l?
2
Let n = -225 + 510. Let a = 543 - n. What is the hundreds digit of a?
2
Suppose -6*h - 2 = -26. Suppose 0 = -h*p - 0*p + 16, -y + 4*p = 11. Let z(l) = -l**3 + 5*l**2 + 3*l + 10. What is the tens digit of z(y)?
2
Suppose 0 = 5*r - 2*d - 745, 537 = 4*r - 2*d - 61. Let m be (-2)/(12/538) + (-49)/r. What is the units digit of m*1/(2 + (-52)/16)?
2
Suppose -c - 7*c + 72 = 0. Suppose 6*g = c*g. Suppose -3*p = -g*p - 201. What is the units digit of p?
7
Suppose 0 = -24*x + 1 + 119. Suppose -x*d + 6*f - 9*f + 323 = 0, 3*d - 196 = -4*f. What is the units digit of d?
4
Let r = -6753 + 11454. What is the tens digit of r?
0
Let d = 88 - 132. Let a be ((-1)/8)/(-8 - (-124)/16)*438. Let q = d + a. What is the units digit of q?
5
Let k be 2/5 - (41461/(-35) - 4). Suppose 18*g - 4013 = k. What is the tens digit of g?
8
Let b(r) = 5376*r**2 + 12*r + 4. What is the units digit of b(-1)?
8
Let m be (24/(-21))/(32/(-14) + 2). Suppose -p - 2*k + 628 = -6*k, 5*k - 2554 = -m*p. What is the tens digit of p?
3
Let i = -63 + 154. Let d = i + -197. Let r = d + 158. What is the tens digit of r?
5
Let s = -54 - -58. Suppose -b + 8 = 4*k, -3*b - 5*k + 6 = -39. What is the units digit of ((-372)/(-20))/(s/b)?
3
Let o = 208 + -110. Let l = -3102 - -3006. Let u = o + l. What is the units digit of u?
2
Suppose 39*v = 18549 - 5094. What is the units digit of v?
5
Let f(i) = 10*i**3 - 10*i. Let z be f(5). Suppose 15*h - z = 1710. What is the hundreds digit of h?
1
Suppose -2706*y + 2720*y - 461622 = 0. What is the thousands digit of y?
2
What is the tens digit of 6384/252*6/(((-30)/(-5245))/3)?
2
What is the thousands digit of 16/(-36) - (-734645)/45?
6
Let s(g) = -46*g + 306. Let x be (-1 + 3)*-14 + 6. What is the units digit of s(x)?
8
Suppose -10*m - 5*r - 19858 = -12*m, -m + 9932 = -3*r. What is the tens digit of m?
1
Suppose 5*x - 5*r + 5365 = 0, 5*x + 1238 = -5*r - 4077. Let m = x + 2680. What is the hundreds digit of m?
6
Suppose 56 = 5*f + 16. Let l be (225 + 1)*6/6. Suppose -f*m + 334 + l = 0. What is the units 